**5/20 + v**4/3 - v**3/2 + 3*v**2/2 + 63*v. Give l(2).
5
Let g(i) = 13*i**3 - 13*i**2 + 4*i + 8. Let v(d) = -11*d**3 + 12*d**2 - 4*d - 7. Let r(a) = -5*g(a) - 6*v(a). Determine r(6).
-10
Let y(o) = o - 3. Suppose -4*t = -t + 9, 4*b + 3*t = 67. Let f be 5/(-5)*1*-23. Let s = f - b. Calculate y(s).
1
Let c(a) = -6 + 2 + 1 - 24*a + 28*a. Suppose 4 = 4*y + 4*b, -2*y + 12 = -5*b + 3. Calculate c(y).
5
Suppose -1 = -b - 5*q, -24*b + q + 4 = -20*b. Let g(x) = -12*x**2 - 4*x + 1. What is g(b)?
-15
Let f(x) = -8*x - 11. Let d(z) = -16*z - 20. Let t(g) = -3*d(g) + 5*f(g). Give t(-4).
-27
Let y(b) = -3*b + 2 + 0*b - b. Let m(w) = 3*w - 2. Let t(h) = 6*m(h) + 4*y(h). Determine t(5).
6
Let l = 42 - 40. Let p(s) = -9*s**3 + 1 - 12*s**l - 7*s**2 + 20*s**2 + s. Determine p(-1).
10
Suppose -3*t = -2*z - 24, t + 3*z - 15 = -3*t. Suppose -t*i + i = -35. Let o(u) = 7*u - 1 - i*u + u**2. Give o(0).
-1
Let f(q) = -q**2 + 4*q - 1. Let s be f(3). Let o(m) = 5*m**2 + 3 - 4 + 4*m - s*m. Suppose 12*l + 529 = 541. What is o(l)?
6
Let i(p) = -p**3 - 5*p**2 - 5*p. Suppose -4*r + 168 = 24. Suppose 0 = -3*q - 6 - r. Let k = -18 - q. Determine i(k).
4
Let w(u) = -u**3 - 4*u**2 + u + 4. Suppose n + 4*n = -5*x, 5*n - 9 = -2*x. Give w(x).
-8
Let f be (1/2)/(2/(-20)). Let g(l) = -3*l**2 - 12*l + 21. Let z(x) = -7*x**2 - 5 - 4*x + 7 + 5 + 6*x**2. Let h(u) = -6*g(u) + 17*z(u). What is h(f)?
-2
Suppose -2*j + 10 = p, -24 = -4*p - 6*j + 2*j. Let o be (0 + (0 - -1))*p. Let x(l) = 3*l - o*l - 4 + 3. What is x(-3)?
-4
Let w(n) = -n**2 - 10*n - 2. Let t(x) = -2*x**2 - 19*x - 4. Let y(g) = 6*t(g) - 11*w(g). Determine y(4).
-34
Let v = 27 - 29. Let s be (-779)/152 + v/(-16). Let y(w) = w - 2. Determine y(s).
-7
Let l(v) = 3*v + 11. Let t = -1185 + 1181. Determine l(t).
-1
Let z(w) = w**2 - 2*w - 7. Let b = 18 - 12. Suppose 0 = b*v - v + 80. Let n be 23/5 - v/40. What is z(n)?
8
Let x(h) = -h**3 + 7*h**2 - 6*h + 1. Let b(p) = -p + 12. Let o be b(8). Suppose 5*w = 4*d - 24, -2*d - o*w + 19 = 7. What is x(d)?
1
Let p(o) = o**3 + 4*o**2 + 4*o - 1. Suppose 2*i - 41 = 17. Suppose 0 = 4*x + 139 + i. Let w be (28/x)/((-4)/(-18)). Determine p(w).
-4
Let b(m) = -m**3 - 4*m**2 + 8*m + 4. Suppose 2*t = 11*t + 81. Let q be t/(-21) - (-76)/(-14). Give b(q).
-11
Let a(x) = 9*x - 9. Let k be a(2). Suppose 2*m - 6 = -m. Let i(c) = -8 + k - 4*c + m*c + c**2 - 2*c**3 + 2. Give i(2).
-13
Let o(w) = -w**3 + 4*w**2 - 2*w + 3. Suppose 3 - 102 = 9*h. Let v = h - -15. Give o(v).
-5
Let l(j) = -4 + 4*j**2 - j**2 + 7 + 2*j - j**3. Let g be l(4). Let r = 5 + g. Let i(s) = s**3 + s**2 + 5. Calculate i(r).
5
Let c(q) = -2*q + 7. Let l = 14 - 14. Suppose -5*r = l, 0 = -2*f - 4*r + 11 + 1. Give c(f).
-5
Let c(n) = -22*n - 201. Let l be c(-9). Let w(h) = -5*h - 5. Calculate w(l).
10
Let s(k) = k**3 + 2*k**2 - 4*k - 5. Let z(m) = -2*m**3 - 2*m**2 + 7*m + 11. Let a(g) = 5*s(g) + 3*z(g). Give a(4).
12
Let a(z) = 3*z - 7. Let o(j) = -j**2 + 2*j - 3. Let n be o(3). Let l(d) = 3*d - 6. Let t(g) = n*a(g) + 7*l(g). What is t(2)?
6
Let w(m) = m**2 - 3*m - 3. Let x be 68/12 + -3 - 8/(-6). Let r be w(x). Let j(t) = 5*t**2 - t. Calculate j(r).
4
Let a(t) = 111*t + 13 - 35*t - 44*t - 35*t. Give a(9).
-14
Let r = -19 - -15. Let n(w) = -w**2 - 5*w - 2. Let y be n(r). Let p(c) = -2*c + 3*c**y + 2*c**3 - 3*c**3 - 39 + 42. Give p(3).
-3
Let k(t) be the second derivative of -t**4/12 + 11*t**3/6 - 25*t. Let w be k(11). Let n(l) = l**2 + l - 2. Give n(w).
-2
Let l(f) = -f**2 - 27. Suppose -s - 17 - 1 = 0. Let y = 18 + s. Calculate l(y).
-27
Let w(x) = 11*x**2 + 49*x + 26. Let c be w(-4). Let h(n) = n - 11. Determine h(c).
-5
Let l(g) = -101*g - 19. Let v be l(-5). Let h(n) = v*n - 244*n - 248*n + 4 + n**2. What is h(5)?
-1
Let l(q) = q**3 - 3*q**2 - q - 1. Let n(y) = -y**3 - y. Let h(d) = -l(d) + 2*n(d). What is h(2)?
-13
Let n = 647 + -650. Let d(o) = 2*o + 8. Determine d(n).
2
Let u(g) = 3*g + 10. Let k(y) = -4*y**3 + 2*y**2 - y. Let a be k(1). Let d be u(a). Suppose 4*m - 7 = d. Let s(z) = 5*z - 1. Determine s(m).
9
Let i(j) be the first derivative of j**2/2 - 5*j - 254. Give i(1).
-4
Let b(l) = 15*l - 2. Let w(x) = 4*x. Let u(t) = -b(t) + 4*w(t). Determine u(-1).
1
Let q = -36 - -39. Let y be 198/9 - (0 - q). Suppose -4*w + 6 = -2*w + 4*s, 0 = -5*w - 2*s - y. Let z(x) = x**3 + 7*x**2 + x + 1. Give z(w).
-6
Let n(t) = t**2 - t - 6. Let g be (4 - 4)*(30/(-12) - -2). Calculate n(g).
-6
Let c(w) = 4*w + 16. Let j be c(-4). Let h(g) = 3*g + 5. Calculate h(j).
5
Let o(d) be the third derivative of d**4/12 + 13*d**3/6 + 13*d**2. Calculate o(-6).
1
Let p(x) = -4 - 2*x - x**2 + 0*x**2 + 0. Let a(l) = -5*l**2 - 5*l - 11. Let w(c) = c**2. Let z(k) = -a(k) - 6*w(k). Let u be z(7). Determine p(u).
-7
Let h(y) be the second derivative of 11*y**5/20 - y**4/6 + y**2/2 + 10*y + 7. Calculate h(1).
10
Let v(w) = w**3 - w + 8. Suppose -2*l = -5*y + 4*y + 6, -5*l - 4*y - 41 = 0. Let i be 3 - 1 - (l - (-2 + -5)). Calculate v(i).
8
Let c(i) = i**2 - 6*i - 8. Let h = 23 + -31. Let g = -2 - h. What is c(g)?
-8
Let c(o) = 8*o - 12. Let s(u) = -3*u + 6. Let q(p) = -4*c(p) - 9*s(p). What is q(-3)?
9
Let l be 70/(-22) - (-8)/44. Suppose -5*c = -k - k + 12, -6 = -k - c. Let h = l + k. Let a(x) = -4*x + 3. Calculate a(h).
-9
Let r be -4*(1 - 2) + 5*-1. Let l(g) = 22*g**2 + 2*g + 2. Let y(q) = 11*q**2 + q + 1. Let m(x) = 2*l(x) - 5*y(x). Determine m(r).
-11
Let f(i) be the second derivative of -i**5/20 - i**4/6 - i**3/6 - i**2 - 649*i. Give f(-3).
10
Suppose -5*k + 13 = -16*a + 17*a, 5*k - 6 = -2*a. Let q(l) = 1 - 2*l - l + 2*l. Give q(a).
8
Let v(w) = 3 - 8*w**2 - 8 + 2*w**2 - 8*w - w**3. Let y be 5*(7 + -3 - 3). Suppose 3*l - 4*l - y = 0. What is v(l)?
10
Suppose -3*r + 18 = 6. Suppose 0 = -0*i + r*i - 12. Let y(k) = 5*k - 2. Let h(t) = 21*t - 9. Let u(v) = 2*h(v) - 9*y(v). Calculate u(i).
-9
Suppose -3*u - 9 = -5*w + 4*w, -3*u + 9 = w. Suppose b = -2*q + w + 1, 4 = -b. Let s(r) = r + 1. Give s(q).
8
Let c(q) = -7*q**3 - 30*q**2 + 22*q - 117. Let b(r) = -5*r**3 - 22*r**2 + 15*r - 78. Let z(w) = -10*b(w) + 7*c(w). Calculate z(-9).
6
Let s(m) = m**2 + 10*m + 3. Let d be s(-10). Let j = 54 - 39. Let b(o) = -1 + d*o**2 + 5*o + 9*o - j*o. Determine b(-1).
3
Suppose 71*y = 88*y + 119. Let h(n) = -2*n**3 - 5*n**2 - n**2 - 2*n**2 - 6 - 8*n + n**3. What is h(y)?
1
Let l(o) = -3*o - 11. Let n = 1204 + -1210. Determine l(n).
7
Let h(x) = -32*x - 2. Let s(z) = -25*z - 1. Let t(w) = -4*h(w) + 5*s(w). Give t(2).
9
Let i = -58 - -58. Let q(h) = -4*h - 1 + 3*h + 2 + i*h - 2*h**2. What is q(2)?
-9
Let h(b) = -3*b + 7. Let k = -74 + 77. Let r(i) = i**2 - 2*i + 2. Let n be r(k). What is h(n)?
-8
Let z(s) = 3 + s + 1 + 1 + s**3 - 4. Let u be 2*(-6)/(-36)*-3. Calculate z(u).
-1
Let o be (57/9)/((-1)/(-3)). Let f be (-11)/(-2)*120/30. Suppose m + o = f. Let i(b) = -b**2 + 2*b - 4. Give i(m).
-7
Let v(o) be the first derivative of -o**5/30 - o**4/12 + o**3/6 + 6*o**2 - 15. Let l(t) be the second derivative of v(t). Give l(-4).
-23
Let c(q) = 6*q + 2 + 2*q**2 - 4*q - 4*q - 3. Let p be c(2). Let k(o) = -p + 2*o**2 - 6*o - 3*o**2 + 2*o**2. Determine k(6).
-3
Let u(p) = -21*p - 24. Let m(t) = 7*t + 8. Let h(n) = 7*m(n) + 2*u(n). Let c(s) = -6*s - 8. Let y(j) = -4*c(j) - 3*h(j). Calculate y(-4).
-4
Let b = 11 - 8. Let a(j) = -71*j**2 + 10 - 8 + 70*j**2. Determine a(b).
-7
Let w(b) be the third derivative of -13*b**2 + 0 + 1/12*b**4 + 0*b**3 + 0*b. Calculate w(4).
8
Let j(c) be the third derivative of -5*c**4/24 + 7*c**3/6 - c**2 + 15. Give j(8).
-33
Suppose 152*s = 154*s. Let t(w) = -2*w - 2. What is t(s)?
-2
Let m(g) = g**2 + g + 2. Suppose 0 = -4*s - 49 - 15. Let j be s/(-88) - 2/11. Calculate m(j).
2
Let h(a) = -a**2 + 85*a - 997. Let x be h(14). Let w(j) = -2 - 1 - j - 2*j. Calculate w(x).
6
Let c = -18 + 58. Let q be 22/10 - 8/c. Let d(k) = -7*k + 5*k + 3*k - k**q - 4. Calculate d(0).
-4
Let y(z) = -2*z**2 + z + 7. Let u(v) = v**2 - 2*v - 5. Let a(r) = -3*u(r) - 2*y(r). Let d be (-3 - -5) + (-8)/(-2). Suppose 5*h = 3*h - d. Determine a(h).
-2
Let i(t) be the second derivative of -t**5/20 - 5*t**4/6 - 4*t**3/3 + 9*t**2/2 - 100*t. Suppose 0 = 3*c + 20 + 7. Calculate i(c).
0
Let l be (-219)/(-15) + (-5)/((-150)/12). Let m(p) = p**3 - 16*p**2 + 16*p - 15. Give m(l).
0
Suppose 7*f = 2*f. Le